{"id":317,"date":"2020-05-13T09:22:13","date_gmt":"2020-05-13T07:22:13","guid":{"rendered":"http:\/\/www.bachwirt-prettenhofer.at\/?page_id=317"},"modified":"2022-12-19T09:42:47","modified_gmt":"2022-12-19T08:42:47","slug":"speisekarte-coronazeit","status":"publish","type":"page","link":"https:\/\/www.bachwirt-prettenhofer.at\/wordpress\/speisekarte-coronazeit\/","title":{"rendered":"Speisekarte"},"content":{"rendered":"\n<hr class=\"wp-block-separator\"\/>\n\n\n\n<p style=\"text-align:center\"><strong>MITTAGSMEN\u00dc<\/strong> am 19.12.2022 <br>(11:30 bis 14:00 Uhr)<br><br>Rindsuppe mit Leberkn\u00f6del<br>***<br>Steirergr\u00f6stl mit Spiegelei<br> und gemischtem Salat <br>\u20ac 13,50<br><\/p>\n\n\n\n<hr class=\"wp-block-separator\"\/>\n\n\n\n<p style=\"text-align:center\"><strong>TAGESKARTE<\/strong> am 19.12.2022<\/p>\n\n\n\n<p style=\"text-align:center\"> Rindsuppe mit <strong>Wildstrudel<\/strong><br> \u20ac 4,90 <br><br><strong> <\/strong>   <br> <strong>Rosa Rinderfilet vom Buchberger<\/strong><br>auf Rotweinsaftl mit cremigem Polenta und Speckbohnen<br>\u20ac 32,00  <br><br><strong>  Rosa gebratenes Schweinefilet<\/strong><br>auf cremigen Sauerkraut, mit Serviettenkn\u00f6del <br>und Speckchips<br>\u20ac 19,50   <br><br> <strong>Vegetarisches &#8222;Wildragout&#8220;<\/strong><br>mit Pilzen und Erd\u00e4pfel-Rotkrautroulade<br>\u20ac 16,00   <br><br> <strong>Saiblingsfilet<\/strong><br>auf Wei\u00dfweinschaum mit Pilzrisotto<br>\u20ac 19,50 <br> <br>     <br><strong>STANDARDKARTE<\/strong><br><br>SUPPEN<br><br><strong>Knoblauchcremesuppe<\/strong> im Brotsch\u00fcsserl<br><em>(Garlic soup in bread bowl)<\/em><br>\u20ac 6,90<br><br>Rindsuppe mit <strong>Leberkn\u00f6del<\/strong><br><em>(Consomm\u00e9 with liver dumpling)<\/em><br>\u20ac 4,50<br><br>Rindsuppe mit <strong>Frittaten<\/strong><br><em>(Consomm\u00e9 with stripes of savoury pancake)<\/em><br>\u20ac 4,20<br><br> Rindsuppe mit <strong>Fleischstrudel<\/strong><br><em>(Consomm\u00e9 with meat strudel)<\/em><br>\u20ac 4,50 <br><br>SALATE<br><br><strong>Salat &#8222;Bachwirt&#8220;<\/strong><br>Tafelspitz auf Vogerlsalat mit Ei und Kern\u00f6l<br><em>(Boiled beef on lamp&#8217;s lettuce, <\/em><br><em>boiled egg and pumpkin seed oil)<\/em><br>\u20ac 11,00<br><br> <strong>Steirische Salatsch\u00fcssel<\/strong><br>Salate der Saison mit anger\u00f6steten Erd\u00e4pfelst\u00fcckchen, Speck und Kern\u00f6l<br><em>(Seasonal salads with roasted potatoes, bacon and pumpkin seed oil)<\/em><br>\u20ac 8,50 <br><br><strong>Steirischer Backhendlsalat<\/strong><br>Gebackene H\u00fchnerbruststreifen auf Blattsalat und Kern\u00f6l<br><em>(Stripes of deep fried breaded chicken on green salad with pumpkin seed oil)<\/em><br>\u20ac 13,00<br><br>Gemischter Salat<br>\u20ac 4,50<br><br>Gr\u00fcner Salat<br>\u20ac 4,00<br><br>HAUPTSPEISEN<br><br><strong>Wienerschnitzel<\/strong> vom Schwein mit Pommes frites<br><em>(Deep fried breaded pork scallop with french fries)<\/em><br>\u20ac 12,00<br><br><strong>Riesen-Cordon bleu<\/strong> mit Pommes frites<br><em>(Deep fried breaded pork scallop filled with ham and cheese and french fries)<\/em><br>\u20ac 14,00<br><br><strong>Schweinsbraten<\/strong> im Natursaftl, dazu Semmelkn\u00f6del<br><em>(Roast pork with bread dumpling)<\/em><br>\u20ac 12,00<br><br><strong>Schweinskotelett<\/strong> mit Kr\u00e4uterbutter, Pommes frites und Gem\u00fcse<br><em>(Grilled pork chop with herb butter, french fries and vegetables)<\/em><br>\u20ac 14,00<br><br><strong>Schollenfilet &#8222;steirisch&#8220;<\/strong><br>Schollenfilet gebacken mit K\u00fcrbiskruste, dazu Sauce Tatare und gemischter Salat<br><em>(Fried filet of plaice in a pumpkin seed crust, with sauce tatare and mixed salad)<\/em><br>\u20ac 14,50<br><br>  <strong>Hausgemachte Spinatlaibchen<\/strong><br>auf leichter Knoblauchsauce, dazu hausgemachte Erd\u00e4pfellaibchen und Gem\u00fcse<br><em>(Small homemade loafs of spinach on garlic sauce with small potato loafs and vegetables)<\/em><br>\u20ac 14,50  <br><br>  <strong>Gr\u00fcnes Curry steirisch herg&#8217;richt<\/strong><br> <em>(Green curry with rice)<\/em> <br>mit Reis <br>\u20ac 13,50<br>mit Reis und Hendlbrust<br>  <em>(Green curry with  rice and chicken)<\/em>  <br>\u20ac 19,00<br><br>   <br>KINDER<br><br>  <strong>Ice Age<\/strong><br>Kleines Wienerschnitzel vom Schwein mit Pommes frites<br>(Small deep fried breaded pork scallop with french fries)<br>\u20ac 6,50   <br><br>   <strong>Nemo<\/strong><br>Fischst\u00e4bchen mit Reis<br>(Fish fingers with rice)<br>\u20ac 6,50    <br><br>   <strong>Feuerwehrmann Sam<\/strong><br>Frankfurter W\u00fcrstel mit Pommes frites<br>(Sausage with french fries)<br>\u20ac 6,50    <\/p>\n\n\n\n<p style=\"text-align:center\">DESSERT<br><br><strong>Topfenstrudel<\/strong>, <strong>Apfelstrudel<\/strong> oder <strong>Beerenstrudel<\/strong> mit Schlagobers<br>\u20ac 6,00<br><br>Warmer <strong>Mohnkuchen<\/strong> <br>mit Frali Kern\u00f6l Krokant-Eis und marinierten Weichseln<br>\u20ac 8,50<br><br><strong>Rehr\u00fccken <\/strong>mit Schlag<br>\u20ac 4,00<\/p>\n","protected":false},"excerpt":{"rendered":"<p>TAGESKARTE am 19.12.2022 Rindsuppe mit Wildstrudel \u20ac 4,90 Rosa Rinderfilet vom Buchbergerauf Rotweinsaftl mit cremigem&hellip;<\/p>\n","protected":false},"author":1,"featured_media":0,"parent":0,"menu_order":0,"comment_status":"closed","ping_status":"closed","template":"","meta":[],"_links":{"self":[{"href":"https:\/\/www.bachwirt-prettenhofer.at\/wordpress\/wp-json\/wp\/v2\/pages\/317"}],"collection":[{"href":"https:\/\/www.bachwirt-prettenhofer.at\/wordpress\/wp-json\/wp\/v2\/pages"}],"about":[{"href":"https:\/\/www.bachwirt-prettenhofer.at\/wordpress\/wp-json\/wp\/v2\/types\/page"}],"author":[{"embeddable":true,"href":"https:\/\/www.bachwirt-prettenhofer.at\/wordpress\/wp-json\/wp\/v2\/users\/1"}],"replies":[{"embeddable":true,"href":"https:\/\/www.bachwirt-prettenhofer.at\/wordpress\/wp-json\/wp\/v2\/comments?post=317"}],"version-history":[{"count":511,"href":"https:\/\/www.bachwirt-prettenhofer.at\/wordpress\/wp-json\/wp\/v2\/pages\/317\/revisions"}],"predecessor-version":[{"id":1074,"href":"https:\/\/www.bachwirt-prettenhofer.at\/wordpress\/wp-json\/wp\/v2\/pages\/317\/revisions\/1074"}],"wp:attachment":[{"href":"https:\/\/www.bachwirt-prettenhofer.at\/wordpress\/wp-json\/wp\/v2\/media?parent=317"}],"curies":[{"name":"wp","href":"https:\/\/api.w.org\/{rel}","templated":true}]}}