{"id":71,"date":"2019-03-06T18:46:31","date_gmt":"2019-03-06T17:46:31","guid":{"rendered":"http:\/\/bachwirt-prettenhofer.at\/wordpress\/?page_id=71"},"modified":"2022-01-02T09:21:53","modified_gmt":"2022-01-02T08:21:53","slug":"ihre-feier","status":"publish","type":"page","link":"https:\/\/www.bachwirt-prettenhofer.at\/wordpress\/ihre-feier\/","title":{"rendered":"Ihre Feier"},"content":{"rendered":"\n<p>Unser stilgerechter Saal mit rund 80 Sitzpl\u00e4tzen ist optimal geeignet f\u00fcr jegliche Art von Veranstaltung. Feiern Sie bei uns Ihre Hochzeit, Taufe oder Ihren Geburtstag. <br><br>Gerne kann unser Saal f\u00fcr Seminare gebucht werden. Mit Beamer und Leinwand ausgestattet, brauchen Sie sich selbst nicht um die Technik zu k\u00fcmmern. <br><br>Auch f\u00fcr Reisegruppen sind wir bestens ger\u00fcstet. Gerne unterbreiten wir Ihnen passende Men\u00fcvorschl\u00e4ge!<br><br>Anfragen bitte unter info@bachwirt-prettenhofer.at!<\/p>\n\n\n\n<p><\/p>\n","protected":false},"excerpt":{"rendered":"<p>Unser stilgerechter Saal mit rund 80 Sitzpl\u00e4tzen ist optimal geeignet f\u00fcr jegliche Art von Veranstaltung.&hellip;<\/p>\n","protected":false},"author":1,"featured_media":97,"parent":0,"menu_order":0,"comment_status":"closed","ping_status":"closed","template":"","meta":[],"_links":{"self":[{"href":"https:\/\/www.bachwirt-prettenhofer.at\/wordpress\/wp-json\/wp\/v2\/pages\/71"}],"collection":[{"href":"https:\/\/www.bachwirt-prettenhofer.at\/wordpress\/wp-json\/wp\/v2\/pages"}],"about":[{"href":"https:\/\/www.bachwirt-prettenhofer.at\/wordpress\/wp-json\/wp\/v2\/types\/page"}],"author":[{"embeddable":true,"href":"https:\/\/www.bachwirt-prettenhofer.at\/wordpress\/wp-json\/wp\/v2\/users\/1"}],"replies":[{"embeddable":true,"href":"https:\/\/www.bachwirt-prettenhofer.at\/wordpress\/wp-json\/wp\/v2\/comments?post=71"}],"version-history":[{"count":8,"href":"https:\/\/www.bachwirt-prettenhofer.at\/wordpress\/wp-json\/wp\/v2\/pages\/71\/revisions"}],"predecessor-version":[{"id":764,"href":"https:\/\/www.bachwirt-prettenhofer.at\/wordpress\/wp-json\/wp\/v2\/pages\/71\/revisions\/764"}],"wp:featuredmedia":[{"embeddable":true,"href":"https:\/\/www.bachwirt-prettenhofer.at\/wordpress\/wp-json\/wp\/v2\/media\/97"}],"wp:attachment":[{"href":"https:\/\/www.bachwirt-prettenhofer.at\/wordpress\/wp-json\/wp\/v2\/media?parent=71"}],"curies":[{"name":"wp","href":"https:\/\/api.w.org\/{rel}","templated":true}]}}